der when 10356 is divided by 8.
4
Calculate the remainder when 127436 is divided by 1928.
188
What is the remainder when 20391 is divided by 41?
14
Calculate the remainder when 7440558 is divided by 80.
78
Calculate the remainder when 10849 is divided by 570.
19
What is the remainder when 5968 is divided by 95?
78
Calculate the remainder when 2220 is divided by 323.
282
What is the remainder when 177910 is divided by 46?
28
What is the remainder when 4539 is divided by 79?
36
Calculate the remainder when 5071 is divided by 254.
245
What is the remainder when 848 is divided by 773?
75
What is the remainder when 154 is divided by 40?
34
What is the remainder when 91073 is divided by 1252?
929
Calculate the remainder when 42419 is divided by 14115.
74
Calculate the remainder when 86068 is divided by 13.
8
Calculate the remainder when 37364 is divided by 19.
10
What is the remainder when 713932 is divided by 451?
450
Calculate the remainder when 2792 is divided by 364.
244
Calculate the remainder when 5030 is divided by 201.
5
What is the remainder when 2376 is divided by 789?
9
What is the remainder when 13257 is divided by 13129?
128
What is the remainder when 4125 is divided by 320?
285
Calculate the remainder when 2208 is divided by 170.
168
What is the remainder when 23524 is divided by 25?
24
What is the remainder when 82331 is divided by 681?
611
Calculate the remainder when 5020 is divided by 3.
1
What is the remainder when 29397 is divided by 5879?
2
Calculate the remainder when 4477 is divided by 122.
85
What is the remainder when 19411 is divided by 246?
223
What is the remainder when 3606 is divided by 664?
286
Calculate the remainder when 28529 is divided by 11.
6
Calculate the remainder when 244159 is divided by 280.
279
What is the remainder when 16377 is divided by 1168?
25
Calculate the remainder when 56949 is divided by 56.
53
What is the remainder when 1467 is divided by 335?
127
Calculate the remainder when 45564 is divided by 389.
51
What is the remainder when 430 is divided by 277?
153
What is the remainder when 2244 is divided by 747?
3
Calculate the remainder when 15356333 is divided by 158.
155
Calculate the remainder when 13458 is divided by 164.
10
What is the remainder when 57627 is divided by 170?
167
What is the remainder when 1115 is divided by 59?
53
What is the remainder when 17528 is divided by 416?
56
What is the remainder when 27735 is divided by 65?
45
Calculate the remainder when 5996 is divided by 2982.
32
What is the remainder when 5428 is divided by 230?
138
Calculate the remainder when 19355 is divided by 4836.
11
Calculate the remainder when 8979 is divided by 2184.
243
Calculate the remainder when 122257 is divided by 83.
81
What is the remainder when 1257 is divided by 406?
39
Calculate the remainder when 220216 is divided by 52.
48
What is the remainder when 7291 is divided by 300?
91
What is the remainder when 2560 is divided by 343?
159
What is the remainder when 351982 is divided by 1717?
1714
Calculate the remainder when 7212 is divided by 7206.
6
Calculate the remainder when 13288 is divided by 21.
16
Calculate the remainder when 294813 is divided by 37.
34
Calculate the remainder when 1702 is divided by 828.
46
Calculate the remainder when 96316 is divided by 8750.
66
Calculate the remainder when 204946 is divided by 18.
16
Calculate the remainder when 5819 is divided by 5816.
3
What is the remainder when 2081 is divided by 869?
343
What is the remainder when 4873 is divided by 103?
32
What is the remainder when 1912 is divided by 370?
62
What is the remainder when 7762 is divided by 8?
2
Calculate the remainder when 214829 is divided by 514.
491
Calculate the remainder when 61161 is divided by 11.
1
Calculate the remainder when 24102 is divided by 131.
129
What is the remainder when 23734 is divided by 1284?
622
What is the remainder when 216802 is divided by 58?
56
What is the remainder when 93407 is divided by 29?
27
What is the remainder when 1905 is divided by 1826?
79
What is the remainder when 18320 is divided by 483?
449
What is the remainder when 77658 is divided by 26?
22
Calculate the remainder when 59157 is divided by 408.
405
What is the remainder when 126742 is divided by 8?
6
What is the remainder when 1481 is divided by 322?
193
Calculate the remainder when 24167 is divided by 6006.
143
Calculate the remainder when 23421 is divided by 225.
21
What is the remainder when 707 is divided by 186?
149
Calculate the remainder when 1035 is divided by 1028.
7
Calculate the remainder when 17710 is divided by 65.
30
Calculate the remainder when 6663 is divided by 5841.
822
What is the remainder when 2727 is divided by 221?
75
What is the remainder when 220859 is divided by 540?
539
Calculate the remainder when 160726 is divided by 11.
5
What is the remainder when 125613 is divided by 12561?
3
What is the remainder when 261145 is divided by 51?
25
Calculate the remainder when 8560 is divided by 23.
4
What is the remainder when 33089 is divided by 716?
153
What is the remainder when 1630 is divided by 233?
232
What is the remainder when 12059 is divided by 525?
509
What is the remainder when 9683 is divided by 218?
91
What is the remainder when 42632 is divided by 909?
818
Calculate the remainder when 48679 is divided by 48679.
0
Calculate the remainder when 56632 is divided by 590.
582
What is the remainder when 229308 is divided by 47?
42
What is the remainder when 3575375 is divided by 36?
35
What is the remainder when 452682 is divided by 30?
12
Calculate the remainder when 6066 is divided by 2021.
3
What is the remainder when 3314 is divided by 142?
48
What is the remainder when 81550 is divided by 19?
2
Calculate the remainder when 4044 is divided by 299.
157
What is the remainder when 3416 is divided by 656?
136
What is the remainder when 56604 is divided by 56593?
11
What is the remainder when 90365 is divided by 30121?
2
Calculate the remainder when 4238 is divided by 603.
17
What is the remainder when 110381 is divided by 165?
161
What is the remainder when 15526 is divided by 10?
6
What is the remainder when 3168 is divided by 212?
200
Calculate the remainder when 2462924 is divided by 351845.
9
What is the remainder when 59380 is divided by 3298?
16
What is the remainder when 13107 is divided by 118?
9
Calculate the remainder when 17111 is divided by 1707.
41
Calculate the remainder when 32198 is divided by 7.
5
Calculate the remainder when 3705 is divided by 10.
5
Calculate the remainder when 4330109 is divided by 31.
29
What is the remainder when 846 is divided by 62?
40
What is the remainder when 77789 is divided by 34?
31
What is the remainder when 191738 is divided by 27388?
22
Calculate the remainder when 2317456 is divided by 286.
284
Calculate the remainder when 5699 is divided by 134.
71
What is the remainder when 1414 is divided by 262?
104
What is the remainder when 10545 is divided by 422?
417
Calculate the remainder when 70694 is divided by 27.
8
Calculate the remainder when 18661 is divided by 64.
37
Calculate the remainder when 8582 is divided by 214.
22
What is the remainder when 15890 is divided by 41?
23
What is the remainder when 113299 is divided by 7?
4
What is the remainder when 56093 is divided by 238?
163
Calculate the remainder when 3636 is divided by 3627.
9
Calculate the remainder when 7728 is divided by 196.
84
What is the remainder when 411305 is divided by 246?
239
Calculate the remainder when 15388 is divided by 12.
4
Calculate the remainder when 31713 is divided by 18.
15
Calculate the remainder when 983 is divided by 22.
15
What is the remainder when 1118954 is divided by 559471?
12
Calculate the remainder when 8981 is divided by 2875.
356
What is the remainder when 1047 is divided by 521?
5
Calculate the remainder when 5470 is divided by 1802.
64
What is the remainder when 7437 is divided by 180?
57
What is the remainder when 10582 is divided by 279?
259
Calculate the remainder when 2591 is divided by 1089.
413
Calculate the remainder when 5120 is divided by 764.
536
Calculate the remainder when 31638 is divided by 108.
102
What is the remainder when 72236 is divided by 36105?
26
What is the remainder when 336 is divided by 5?
1
What is the re